+ 41. Let w(a) = -a**2 - 5*a - 19. Let v(x) = 3*q(x) + 7*w(x). What is v(-6)?
2
Let m(i) = -i**2 + 10*i. Suppose 13*r - 59 = 84. What is m(r)?
-11
Let j(f) be the first derivative of -f**4/4 - 13*f**3/3 + f**2 + 14*f - 200. Determine j(-13).
-12
Let m(p) = -9*p**2 - 6*p - 5. Let s(q) = -4*q**2 - 2*q - 2. Let r(j) = -3*m(j) + 7*s(j). What is r(4)?
1
Suppose -3*t + 5*a = -t - 29, -9 = 3*t + 3*a. Let s(d) = -5*d**2 - 7*d - 4*d**t + 11*d + 3*d**2 + d**3. What is s(6)?
24
Let w be (18/15)/2 + (-15)/25. Suppose 5*p = 5*j - w*p + 25, -5*p - 5 = j. Let g(a) = a + 0 + 5*a**2 + a**3 - 1 + 0*a. What is g(j)?
-6
Let j(r) be the third derivative of -r**4/24 - 2*r**3/3 - 163*r**2. Give j(4).
-8
Let c(l) = 7*l - 5. Let v(k) = -k. Let j(t) = 10*t - 5. Let w(a) = -j(a) - 4*v(a). Let x(z) = 5*c(z) + 6*w(z). Give x(6).
-1
Let n(d) = -6*d**2 + 4. Let q(x) = 233*x + 2 - 234*x - 5*x**2 + 2. Let a be 91/21 - (-2)/3. Let l(b) = a*q(b) - 4*n(b). What is l(-7)?
-10
Let j be (-20 - -36)/(1 + 1). Let n(p) = -11*p**3 - 8*p**2 + 14*p - 9. Let q(a) = 4*a**3 + 3*a**2 - 5*a + 3. Let k(t) = j*q(t) + 3*n(t). Give k(2).
-7
Let g(j) be the third derivative of j**5/60 + j**4/3 - 5*j**3/6 - j**2. Let q(d) = -2*d**2 - 15*d + 10. Let r(y) = 7*g(y) + 4*q(y). Determine r(-6).
-7
Let l be (4/10)/(1/10). Suppose -24 = 2*f - 8*f. Let r(v) = -f + 5*v**2 - 4*v**2 + v**2 - 3*v**2 - l*v. Calculate r(-3).
-1
Let m(j) be the first derivative of -j**3/6 + 6*j**2 - 2*j + 18. Let f(z) be the first derivative of m(z). Give f(7).
5
Let c = -11 + 6. Let n(k) = 2*k**3 - 67 + 2*k - 7*k + 4*k**2 + 66 - k**3. Give n(c).
-1
Suppose -a - a - 10 = 2*w, 2*a - 2*w = 10. Let b(f) = -f - 3*f + a*f + 0*f. What is b(4)?
-16
Let c(g) = 6 - 4*g**2 - 15 + 13 + 88*g**3 - 89*g**3. What is c(-2)?
-4
Let c be (-3)/(-1) + 0*(-14)/182. Let y(j) = j**2 + 2*j - 12. Calculate y(c).
3
Let a be ((-2)/(-6))/((-4)/(36*-2)). Suppose 3*c = -a - 15. Let n(u) = -2*u - 3. Give n(c).
11
Let m(b) be the second derivative of 5*b**3/6 + b**2/2 + 81*b. Let c = -2 - -4. Calculate m(c).
11
Let p = -1 + -3. Let j(v) = -v**2 - 12*v - 10. Let n(c) = c**2 + 11*c + 9. Let u(o) = p*n(o) - 3*j(o). What is u(-5)?
9
Let a(s) = s**2 - 11*s - 45. Let n be a(14). Let k(g) = -3*g**2 - 2*g + 19. Let o(j) = -j**2 - j + 6. Let b(h) = 2*k(h) - 7*o(h). What is b(n)?
-4
Let q(d) = 2*d**2 + 2*d - 266 - 3*d**2 + 265. Let t(v) = v**3 - 9*v**2 - 11*v + 13. Suppose 0 = 2*r - 0 - 20. Let l be t(r). What is q(l)?
-4
Let q(f) = 2*f**2 - 7*f - 11. Let a(t) = 3*t**2 - 10*t - 18. Let w(o) = 5*a(o) - 8*q(o). Give w(5).
3
Let r(u) = u - 18. Suppose 3*p + 8 = 71. Give r(p).
3
Let v = -55 - -79. Let n = v + -26. Let x(o) = -5*o**2 - o - 1. Calculate x(n).
-19
Let k(v) = -v + 5. Let n(m) = m**2 + 7*m + 4. Let r be n(-6). Let z be -2*(-4)/16*r. Let p be (-3 - z)/(12/(-24)). Give k(p).
1
Let q = -719 + 721. Let f(w) = -w**2 + w. Let o(a) = 3*a**2 - 6*a + 3. Let u(j) = 4*f(j) + o(j). Determine u(q).
-5
Let p(q) = 2*q**2 - 2*q - 1. Suppose -14 = -3*y + 10. Let r = 11 - y. Suppose r*o - 4*o = -2. Determine p(o).
3
Suppose 0*b + 3*b = i + 16, 5*i + 3*b = -8. Let o be i/12 + 28/12. Let g(l) = -2*l + o*l + 0*l - 1 + 3*l - l**2. Determine g(2).
1
Let t(z) be the second derivative of -z**4/12 + 4*z**3/3 - 3*z**2 - 33*z. Let x(a) = -a + 15. Let j be x(10). Calculate t(j).
9
Let l(g) be the first derivative of g**2/2 + 3*g + 22. Suppose 0 = 3*r + 2 + 7. Determine l(r).
0
Let n(w) be the second derivative of -w**4/12 - 5*w**3/6 + 3*w**2/2 + 4*w. Let h = -20 + 14. Calculate n(h).
-3
Let x(t) = t**2 + 6*t + 1. Let f = -269 + 265. Calculate x(f).
-7
Let t(v) = 3*v**2 - 7. Let p(n) = 3*n**2 - 6. Let o be (-18)/(-4)*8/6. Let r(q) = o*p(q) - 5*t(q). Suppose -w = -2*w - 1. Calculate r(w).
2
Suppose 2*c + 0*c = 0. Let i(d) be the third derivative of d**4/6 - 2*d**3 + 11*d**2. Let j(m) = -5*m + 13. Let v(p) = 4*i(p) + 3*j(p). Determine v(c).
-9
Let h be (-2 - -2) + 6/1. Let i be 35/15 + (-1)/3. Let n(l) = -l**2 + 2 + i*l**2 + 4 + 0*l - 6*l. Calculate n(h).
6
Let y(u) = 110*u**3 - 2*u + 3*u - 37*u**3 + 2 - 34*u**3 + u**2 - 38*u**3. What is y(0)?
2
Suppose -b = -2*r - 10, -44 = -2*r + 6*r + 4*b. Let n(k) = -7*k - k**2 - 4 + 2*k**2 - 2*k**2. Calculate n(r).
-4
Let h(f) be the first derivative of 3*f**4/4 - f**3/6 + 8*f + 28. Let a(u) be the first derivative of h(u). What is a(-1)?
10
Let d = 0 + -5. Let m(s) = 17*s**2 - 14*s**2 - 5*s**2 + 6*s + 3*s**2 + 4. Calculate m(d).
-1
Let c(n) = -n**3 + 9*n**2 + 11*n - 3. Let w be c(10). Let k(h) be the second derivative of h**4/12 - 7*h**3/6 + 7*h**2/2 + 13*h + 6. Calculate k(w).
7
Let l(y) = -y**2 - 618*y - 7 + 1241*y - 613*y. Determine l(11).
-18
Let a be (-87)/(-4) + 1/4. Suppose -24*n = -a*n - 4. Let j(o) = 3*o**2 - 1. Determine j(n).
11
Suppose -4*o - 12 + 32 = 0. Suppose -31 = w + o*i, 0*i + 2*i = 2*w + 2. Let l(y) = -3*y + 9 + 9 - 71 + 48 + 2*y. Determine l(w).
1
Let s be ((-28)/(-12) + -3)*42/(-4). Let f(q) = q**2 - 6*q + 9. What is f(s)?
16
Suppose -3*b + 0*b + 3 = 0. Let y(j) be the third derivative of j**4/4 + 1026*j**2. Calculate y(b).
6
Let h(a) be the third derivative of a**4/12 + a**3/2 - 5*a**2. Suppose 4*t - 32 = -t - 2*p, -3*t - 4*p = -22. Calculate h(t).
15
Let d be (-60)/(-14) - (-2)/(-7). Suppose 3*h = 2*h - d. Let o(v) = 0 + 2*v - 4 - v**2 - 7*v - v. Determine o(h).
4
Suppose z - 12 = -z. Let b(l) = -l**3 + 5*l - 65 + 134 + 5*l**2 - 69. Calculate b(z).
-6
Let n(l) be the third derivative of -1/60*l**5 + 0*l + 5/24*l**4 + 0 - 4*l**2 + 0*l**3. Let i(d) = -5*d. Let b be i(-1). What is n(b)?
0
Let k(n) = -n**3 + 3*n**2 + 4*n + 3. Let a be 36*(16/(-6))/(-2). Suppose -a = 5*w - 13. Let i = -3 - w. What is k(i)?
3
Let o(n) be the first derivative of n**5/40 - n**4/6 + 38*n**3/3 - 30. Let d(g) be the third derivative of o(g). What is d(-3)?
-13
Let b(a) be the first derivative of a**3/3 - a**2 - 3*a + 2819. Let u(d) = d - 2. Let x be u(0). Determine b(x).
5
Let p(n) = -n**2 + 10*n - 4. Suppose -58 = -22*t + 30. Determine p(t).
20
Let l(t) = 0 - t**3 - 117*t + 6*t**2 - 4 + 117*t. Let u = 41 + -35. What is l(u)?
-4
Suppose 3*a + 7 = 4*c, 4*c - 22 = 3*a - 5*a. Let r(b) = 1 - 2 - 2*b + 8*b**2 + c*b. Let f = 1 - 0. What is r(f)?
9
Let p(o) be the second derivative of o**5/20 + 7*o**4/12 + o**3 + o**2 - 6*o. Determine p(-6).
2
Let z = -1 + -1. Let g(k) be the third derivative of k**6/120 + k**5/60 - 5*k**4/24 - 5*k**2. Let x(b) be the second derivative of g(b). What is x(z)?
-10
Let y(w) = -w**2 + 4*w - 3. Let a = -2095 + 2097. Give y(a).
1
Let s = -21 - -26. Suppose -3*d = 2*c - 7, c - 33 = 3*c - s*d. Let u(j) be the second derivative of j**3/2 + 2*j**2 + j. Give u(c).
-8
Let k(y) = 12*y - 93. Let l be k(8). Let z(b) be the first derivative of -l - 3/2*b**2 + b. Determine z(4).
-11
Let j = -2958 - -2950. Let l(u) = 2*u**2 + u - 7. Let c(r) = r**2 + r - 4. Let y(a) = 13*c(a) - 6*l(a). What is y(j)?
-2
Let a = 17 + -13. Let b(q) = a*q + 4*q + 13 - 7*q. What is b(-8)?
5
Suppose 3*d + 10 = 2*m + 24, 5*d - 40 = -5*m. Let w(y) = y**3 - 5*y**2 - 8*y - 2. Calculate w(d).
-14
Let n(t) = -4*t**2 + 3. Let q(c) be the third derivative of -c**5/15 + 2*c**3/3 - 3*c**2. Let k(y) = -5*n(y) + 4*q(y). Let w = 4 + -5. Determine k(w).
5
Let x(m) = -m - m**2 + 2 - 5*m + 0. Let b(s) = -s**3 - 2*s**2 - 4*s - 3. Let n be b(-2). Suppose 0 = -i - 2*w + n - 2, -4*i - 5*w = 0. Give x(i).
7
Suppose 7*k + 5*s - 127 = 3*k, 4*k = -2*s + 118. Let c = -27 + k. Let x(f) = 13*f**2 - f. Give x(c).
12
Let s(r) = r**3 - 6*r**2 + 5*r - 4. Let k be 3 + (-6)/(-4 - -7). Suppose o + k - 4 = -c, o = c + 7. Determine s(o).
-4
Let u(r) = -r**3 - 6*r**2 - 6*r + 6. Let c be ((-2)/(-4))/(8/(-16)) - 3. Determine u(c).
-2
Let w(q) = -13*q. Let m be w(-1). Let d = m - 8. Let y(v) be the first derivative of v**3/3 - 3*v**2/2 - 6*v + 48. Determine y(d).
4
Let z = 43 + -40. Let h(n) = n**3 + z + 4*n - 1 + 2*n**3 + 1 + 4*n**2. Calculate h(-2).
-13
Let p(h) be the first derivative of -h**4/4 + 4*h**3/3 + h**2/2 + h + 9. Give p(4).
5
Let z(u) = 3*u + 1. Let v(a) = 12*a + 13. Let i(j) = 3*j + 3. Let b(c) = 9*i(c) - 2*v(c). Let k = -20 - -26. Let r(t) = k*b(t) - 7*z(t). Determine r(-2).
5
Let d be 8*(-7)/((-112)/12). Let l be 75/(-9) + (-6)/9. Let b = l + d. Let h(n) = -n**3 - 3*n**2 - 4. Give h(b).
-4
L